{"id":3,"date":"2023-07-29T08:21:57","date_gmt":"2023-07-29T13:21:57","guid":{"rendered":"http:\/\/guerreromartinez.com.co\/?page_id=3"},"modified":"2023-07-29T09:38:42","modified_gmt":"2023-07-29T14:38:42","slug":"politica-privacidad","status":"publish","type":"page","link":"https:\/\/guerreromartinez.com.co\/?page_id=3","title":{"rendered":"Pol\u00edtica de privacidad"},"content":{"rendered":"\t\t<div data-elementor-type=\"wp-page\" data-elementor-id=\"3\" class=\"elementor elementor-3\">\n\t\t\t\t\t\t<section class=\"elementor-section elementor-top-section elementor-element elementor-element-241a6a20 elementor-section-boxed elementor-section-height-default elementor-section-height-default\" data-id=\"241a6a20\" data-element_type=\"section\">\n\t\t\t\t\t\t<div class=\"elementor-container elementor-column-gap-default\">\n\t\t\t\t\t<div class=\"elementor-column elementor-col-100 elementor-top-column elementor-element elementor-element-192d4044\" data-id=\"192d4044\" data-element_type=\"column\">\n\t\t\t<div class=\"elementor-widget-wrap elementor-element-populated\">\n\t\t\t\t\t\t<div class=\"elementor-element elementor-element-44b69b1c elementor-widget elementor-widget-text-editor\" data-id=\"44b69b1c\" data-element_type=\"widget\" data-widget_type=\"text-editor.default\">\n\t\t\t\t<div class=\"elementor-widget-container\">\n\t\t\t\t\t\t\t\t\t<p><strong>Qui\u00e9nes somos<\/strong><\/p><p>Nuestra direcci\u00f3n de sitio web es http\/\/guerreromartinez.com.co.<\/p><p><strong>Comentarios<\/strong><\/p><p>Cuando los visitantes dejan comentarios en el sitio, recopilamos los datos mostrados en el formulario de comentarios, as\u00ed como la direcci\u00f3n IP del visitante y la cadena del agente de usuario del navegador para ayudar a detectar spam.<\/p><p>Se puede proporcionar una cadena an\u00f3nima creada a partir de su direcci\u00f3n de correo electr\u00f3nico (tambi\u00e9n denominada hash). Despu\u00e9s de la aprobaci\u00f3n de tu comentario, tu imagen de perfil ser\u00e1 visible para el p\u00fablico en el contexto de tu comentario.<\/p><p><strong>Medios<\/strong><\/p><p>Si subes im\u00e1genes al sitio web, debes evitar cargar im\u00e1genes con datos de ubicaci\u00f3n incrustados (EXIF GPS). Los visitantes del sitio web pueden descargar y extraer los datos de ubicaci\u00f3n de las im\u00e1genes en el sitio web.<\/p><p><strong>Cookies<\/strong><\/p><p>Si dejas un comentario en nuestro sitio, puedes optar por guardar tu nombre, direcci\u00f3n de correo electr\u00f3nico y sitio web en cookies. Esto es para tu comodidad y no tener que volver a rellenar tus datos cuando dejes otro comentario. Estas cookies tendr\u00e1n una duraci\u00f3n de un a\u00f1o.<\/p><p>Si visitas nuestra p\u00e1gina de Acceso, se instalar\u00e1 una cookie temporal para determinar si tu navegador acepta cookies. Esta cookie no contiene datos personales y se eliminar\u00e1 al cerrar el navegador.<\/p><p>Cuando inicies sesi\u00f3n, se instalar\u00e1n varias cookies para guardar tu informaci\u00f3n de acceso y opciones de visualizaci\u00f3n de pantalla. Las cookies de acceso permanecer\u00e1n durante dos d\u00edas y las cookies de opciones de pantalla se guardar\u00e1n durante un a\u00f1o. Si seleccionas &#8220;Recu\u00e9rdame&#8221; en tu inicio de sesi\u00f3n, estas se guardar\u00e1n durante dos semanas. Si cierras la sesi\u00f3n de tu cuenta, las cookies de acceso se eliminar\u00e1n.<\/p><p>Si editas o publicas un art\u00edculo, se guardar\u00e1 una cookie adicional en tu navegador. Esta cookie no incluye datos personales y simplemente indica el ID del art\u00edculo que acabas de editar. Caducar\u00e1 despu\u00e9s de 1 d\u00eda.<\/p><p><strong>Contenido incrustado de otros sitios web<\/strong><\/p><p>Los art\u00edculos de este sitio pueden incluir contenido incrustado (por ejemplo, v\u00eddeos, im\u00e1genes, art\u00edculos, etc.). El contenido incrustado de otras webs se comporta exactamente de la misma manera que si el visitante hubiera visitado la otra web.<\/p><p>Esta web puede recopilar datos sobre ti, utilizar cookies, incrustar un seguimiento adicional de terceros y supervisar tu interacci\u00f3n con ese contenido incrustado, incluido el seguimiento de tu interacci\u00f3n con el contenido incrustado si tienes una cuenta y est\u00e1s conectado a esa web.<\/p><p><strong>Con qui\u00e9n compartimos tus datos<\/strong><\/p><p>Si solicitas un restablecimiento de contrase\u00f1a, tu direcci\u00f3n IP ser\u00e1 incluida en el correo electr\u00f3nico de restablecimiento.<\/p><p><strong>Cu\u00e1nto tiempo conservamos tus datos<\/strong><\/p><p>Si dejas un comentario, el comentario y sus metadatos se conservar\u00e1n indefinidamente. Esto es para que podamos reconocer y aprobar autom\u00e1ticamente cualquier comentario de seguimiento en lugar de mantenerlos en una cola de moderaci\u00f3n.<\/p><p>Para los usuarios que se registren en nuestro sitio web (si los hay), se almacenar\u00e1n todos sus datos de informaci\u00f3n personal que proporcionen. Cualquier usuario puede ver, editar o eliminar su informaci\u00f3n personal cuando lo desee (a excepci\u00f3n del nombre de usuario que no se puede editar). Los administradores de sitios web tambi\u00e9n pueden ver y editar dicha informaci\u00f3n.<\/p><p><strong>POL\u00cdTICA DE TRATAMIENTO DE DATOS PERSONALES\u00a0 <\/strong><\/p><p><strong>\u00a0<\/strong><\/p><p>La presente pol\u00edtica se expide en cumplimiento de la Ley 1581 de 2012, Decreto 1377 de 2013, Ley 1266 de 2008 y normas que modifiquen o adicionen el r\u00e9gimen de protecci\u00f3n de datos personales y busca garantizar que GUERREROMARTINEZ.COM.CO . En su condici\u00f3n de responsable de manejo de informaci\u00f3n personal, realice el Tratamiento de la misma en estricto cumplimiento de la normatividad aplicable, garantizando los derechos que a los Titulares de la informaci\u00f3n les asiste.\u00a0<\/p><ol><li><strong><em>INFORMACI\u00d3N DEL RESPONSABLE DEL TRATAMIENTO DE LA INFORMACI\u00d3N PERSONAL. <\/em><\/strong><\/li><\/ol><p>GUERREROMARTINEZ.COM.CO<\/p><p>Domicilio: Colombia.<\/p><p>Email: <u>Consultora@GuerreroMartinez.com.co<\/u><\/p><p>Tel\u00e9fono: 3102117261<\/p><p><em>\u00a0<\/em><\/p><ol start=\"2\"><li><strong><em>TRATAMIENTO AL CUAL SER\u00c1N SOMETIDOS LOS DATOS PERSONALES Y SU FINALIDAD. <\/em><\/strong><\/li><\/ol><p>En ejercicio de su objeto social, GUERREROMARTINEZ.COM.CO Realiza el Tratamiento de datos personales de sus empleados, proveedores, clientes y usuarios de sus productos. As\u00ed mismo en cumplimiento de la legislaci\u00f3n aplicable GUERREROMARTINEZ.COM.CO puede requerir transmitir o transferir dichos datos a las plataformas indicadas y\/o a los sistemas de seguridad implementados por \u00e9ste. En desarrollo de los principios de finalidad y libertad, la recolecci\u00f3n de datos personales por parte de GUERREROMARTINEZ.COM.CO se limitar\u00e1 a aquellos datos personales que son pertinentes y adecuados para la finalidad para la cual son recolectados o requeridos conforme a la normatividad vigente. Salvo en los casos expresamente previstos en la Ley, no se podr\u00e1n recolectar datos personales sin autorizaci\u00f3n del Titular. Los datos personales son recolectados, almacenados, organizados, usados, circulados, transmitidos, transferidos, actualizados, rectificados, suprimidos, eliminados y gestionados de acuerdo a la finalidad o finalidades que tenga cada tipo de Tratamiento, seg\u00fan lo indicado en el numeral 3 de esta Pol\u00edtica.\u00a0<\/p><p><strong>2.1<\/strong><strong> Tratamientos de datos personales de ni\u00f1as, ni\u00f1os y\/o adolescentes<\/strong>.\u00a0<\/p><p>El Tratamiento de datos personales de ni\u00f1os, ni\u00f1as y\/o adolescentes que sean de naturaleza p\u00fablica cumplir\u00e1 con los siguientes par\u00e1metros y requisitos:\u00a0<\/p><ol><li>Que responda y respete el inter\u00e9s superior de los ni\u00f1os, ni\u00f1as y adolescentes.<\/li><li>Que se asegure el respeto de sus derechos fundamentales.<\/li><li>Valoraci\u00f3n de la opini\u00f3n del menor cuando este cuente con la madurez, autonom\u00eda y capacidad para entender el asunto.<\/li><\/ol><p>Cumplidos los anteriores requisitos, el representante legal del ni\u00f1o, ni\u00f1a o adolescente podr\u00e1 otorgar la autorizaci\u00f3n para el Tratamiento, previo ejercicio del derecho del menor de su derecho de ser escuchado, opini\u00f3n que deber\u00e1 valorar teniendo en cuenta la madurez, autonom\u00eda y capacidad para entender el asunto.\u00a0<\/p><p><strong>2.2<\/strong><strong> Tratamiento de datos sensibles<\/strong><\/p><p>GUERREROMARTINEZ.COM.CO . Observar\u00e1 estrictamente las limitaciones legales al Tratamiento de datos sensibles, por lo cual se asegurar\u00e1 que:\u00a0<\/p><ol><li>El Titular haya dado su autorizaci\u00f3n expl\u00edcita a dicho tratamiento, salvo en los casos que por ley no sea requerido el otorgamiento de dicha autorizaci\u00f3n.<\/li><li>El Tratamiento sea necesario para salvaguardar el inter\u00e9s vital del Titular y \u00e9ste se encuentre f\u00edsica o jur\u00eddicamente incapacitado. En estos eventos, los representantes legales deber\u00e1n otorgar su autorizaci\u00f3n.<\/li><li>El Tratamiento sea efectuado en el curso de las actividades leg\u00edtimas y con las debidas garant\u00edas por parte de una fundaci\u00f3n, ONG, asociaci\u00f3n o cualquier otro organismo sin \u00e1nimo de lucro, cuya finalidad sea pol\u00edtica, filos\u00f3fica, religiosa o sindical, siempre que se refieran exclusivamente a sus miembros o a las personas que mantengan contactos regulares por raz\u00f3n de su finalidad. En estos eventos, los datos no se podr\u00e1n suministrar a terceros sin la autorizaci\u00f3n del Titular.\u00a0<\/li><li>El Tratamiento se refiera a datos que sean necesarios para el reconocimiento, ejercicio o defensa de un derecho en un proceso judicial.<\/li><li>El Tratamiento tenga una finalidad hist\u00f3rica, estad\u00edstica o cient\u00edfica. En este evento deber\u00e1n adoptarse las medidas conducentes a la supresi\u00f3n de identidad de los Titulares.<\/li><li><strong> FINALIDADES DEL TRATAMIENTO<\/strong>.<\/li><\/ol><p>Las finalidades del Tratamiento de Datos personales realizada por GUERREROMARTINEZ.COM.CO . Son las siguientes:\u00a0<\/p><ul><li>Prestaci\u00f3n de los servicios ofrecidos por GUERREROMARTINEZ.COM.CO .<\/li><li>Ejecuci\u00f3n de los contratos suscritos con GUERREROMARTINEZ.COM.CO .<\/li><li>Servicio al cliente y mercadeo.<\/li><li>Env\u00edo de informaci\u00f3n relacionada con novedades legales y regulatorias de inter\u00e9s para los clientes y\/o terceros de GUERREROMARTINEZ.COM.CO .<\/li><li>Env\u00edo de informaci\u00f3n relacionada con la relaci\u00f3n contractual.<\/li><li>Registro de informaci\u00f3n estad\u00edstica de clientes y\/o terceros de GUERREROMARTINEZ.COM.CO .<\/li><li>Registro de informaci\u00f3n de proveedores y contratistas.<\/li><li>Registr\u00f3 de informaci\u00f3n de los empleados de contratistas que prestan servicios en GUERREROMARTINEZ.COM.CO .<\/li><li>Estad\u00edsticas contractuales y de servicios ofrecidos o prestados.<\/li><li>Comunicaci\u00f3n, consolidaci\u00f3n, organizaci\u00f3n, actualizaci\u00f3n, control, acreditaci\u00f3n, aseguramiento, estad\u00edstica, reporte, mantenimiento, interacci\u00f3n, y gesti\u00f3n de las actuaciones, informaciones y actividades en las cuales se relacionan o vinculan a los proveedores, contratistas y sus empleados con GUERREROMARTINEZ.COM.CO .<\/li><li>Ejecuci\u00f3n del contrato de trabajo correspondiente.<\/li><li>Dar cumplimiento a las obligaciones que se deriven de la relaci\u00f3n laboral, tales como, realizar todos los tr\u00e1mites necesarios, ante las autoridades correspondientes ante el Sistema de Seguridad Social, realizar tr\u00e1mites ante la Direcci\u00f3n de Impuestos y Aduanas Nacionales\u2013DIAN, o cualquier otra actividad derivada de la legislaci\u00f3n aplicable.<\/li><li>Asuntos que sean requeridos por el \u00c1rea Administrativa y de Recursos Humanos de GUERREROMARTINEZ.COM.CO , dentro de los cuales es posible enunciar la identificaci\u00f3n plena del trabajador, archivo y manejo de sus datos de contacto, archivo y manejo de la informaci\u00f3n profesional y acad\u00e9mica del trabajador, entre otros.<\/li><li>Para notificar a familiares, a la l\u00ednea de atenci\u00f3n 123 y cualquier servicio de atenci\u00f3n prioritaria en caso de emergencias durante su estancia en las instalaciones de GUERREROMARTINEZ.COM.CO .<\/li><li>Comunicaci\u00f3n en general, registro, capacitaciones, autorizaciones y para la gesti\u00f3n de las actividades o actuaciones en las cuales de relacionan los empleados y sus familiares con GUERREROMARTINEZ.COM.CO .<\/li><li>Adelantar procesos de selecci\u00f3n de personal y funcionarios, de conformidad con las pol\u00edticas de selecci\u00f3n de GUERREROMARTINEZ.COM.CO .<\/li><li>Comunicaci\u00f3n, registro, archivo, organizaci\u00f3n tramitaci\u00f3n y gesti\u00f3n de las actuaciones, estrategias, y actividades en las que se vinculan los accionistas de GUERREROMARTINEZ.COM.CO .<\/li><li>Acceder, consultar, comparar y evaluar toda la informaci\u00f3n que sobre los Titulares se encuentre almacenada en las bases de datos de cualquier central de riesgo crediticio, financiero, de antecedentes judiciales o de seguridad leg\u00edtimamente constituida, de naturaleza estatal o privada, nacional o extranjera.<\/li><li>Investigar, verificar y validar la informaci\u00f3n suministrada por los Titulares, con cualquier informaci\u00f3n de la que GUERREROMARTINEZ.COM.CO . Leg\u00edtimamente disponga.<\/li><li>Consultar, comparar y evaluar toda la informaci\u00f3n que sobre los Titulares se encuentre almacenada en las bases de datos de centrales de riesgo crediticio, financiero, de antecedentes judiciales o de seguridad leg\u00edtimamente constituida, de naturaleza estatal o privada, nacional o extranjera. En caso de que GUERREROMARTINEZ.COM.CO . no se encuentre en capacidad de realizar el tratamiento por sus propios medios, podr\u00e1 transferir los datos recopilados para que sean tratados por un tercero, previa notificaci\u00f3n a los Titulares de los datos recopilados, el cual ser\u00e1 el encargado del tratamiento y deber\u00e1 garantizar condiciones id\u00f3neas de confidencialidad y seguridad de la informaci\u00f3n transferida para el tratamiento.<\/li><\/ul><ol start=\"4\"><li><strong> DERECHOS QUE LE ASISTEN COMO TITULAR DE LOS DATOS.<\/strong><\/li><\/ol><p>De conformidad con lo establecido en el art\u00edculo 8 de la Ley 1581 de 2012 y el decreto 1377 de 2013, el Titular de los datos personales tiene los siguientes derechos:\u00a0<\/p><ul><li>Conocer, actualizar y rectificar sus datos personales frente a GUERREROMARTINEZ.COM.CO ., en su calidad de Responsable del Tratamiento. Este derecho podr\u00e1 ejercerlo frente a datos parciales, inexactos, incompletos, fraccionados, que induzcan a error, o aquellos cuyo tratamiento est\u00e9 expresamente prohibido o no ha ya sido autorizado.<\/li><li>Solicitar prueba de la autorizaci\u00f3n otorgada a GUERREROMARTINEZ.COM.CO ., en su calidad de Responsable del Tratamiento, salvo cuando expresamente se except\u00fae como requisito para el Tratamiento, de conformidad con lo establecido en el art\u00edculo 10 de la Ley 1581 de 2012 (o en las normas que la reglamenten, adicionen, complementen, modifiquen o deroguen), o cuando se haya presentado la continuidad del tratamiento seg\u00fan lo previsto en el numeral 4\u00b0 del art\u00edculo 10 del Decreto 1377 de 2013.<\/li><li>Ser informado por GUERREROMARTINEZ.COM.CO ., previa solicitud, respecto del uso que le ha dado a sus datos personales.<\/li><li>Presentar ante la Superintendencia de Industria y Comercio quejas por infracciones a lo dispuesto en la Ley 1581 de 2012, una vez haya agotado el tr\u00e1mite de consulta o reclamo ante GUERREROMARTINEZ.COM.CO .<\/li><li>Revocar la autorizaci\u00f3n y\/o solicitar la supresi\u00f3n del dato cuando en el Tratamiento no se respeten los principios, derechos y garant\u00edas constitucionales y legales. La revocatoria y\/o supresi\u00f3n proceder\u00e1 cuando la Superintendencia de Industria y Comercio haya determinado que en el Tratamiento el responsable o Encargado han incurrido en conductas contrarias a la ley y la Constituci\u00f3n.<\/li><li>Acceder en forma gratuita a sus datos personales que hayan sido objeto de Tratamiento.<\/li><\/ul><p>\u00a0<\/p><ol start=\"5\"><li><strong><em>\u00c1REA RESPONSABLE DE LA ATENCI\u00d3N DE PETICIONES, CONSULTAS Y RECLAMOS<\/em><\/strong>.<\/li><\/ol><p>El \u00c1rea de Servicio al Cliente de GUERREROMARTINEZ.COM.CO . Ser\u00e1 responsable de la atenci\u00f3n de peticiones, consultas, reclamos, quejas u otros para el ejercicio de los derechos del Titular de la informaci\u00f3n personal a trav\u00e9s del portal la p\u00e1gina web<\/p><ol start=\"6\"><li><strong>PROCEDIMIENTO PARA EJERCER LOS DERECHOS DEL TITULAR DE LOS DATOS<\/strong><ul><li><strong>Procedimiento para acceso y de consulta<\/strong>.<\/li><\/ul><\/li><\/ol><p>El Titular de los datos, o sus causahabientes, podr\u00e1n consultar la informaci\u00f3n que repose en las bases de datos en posesi\u00f3n de GUERREROMARTINEZ.COM.CO ., para lo cual deber\u00e1n formular la correspondiente petici\u00f3n, por escrito, y radicarla ante el \u00c1rea encargada de GUERREROMARTINEZ.COM.CO<\/p><p>Para evitar que terceros no autorizados accedan a la informaci\u00f3n personal del Titular de los datos, ser\u00e1 necesario previamente establecer la identificaci\u00f3n del Titular. Cuando la solicitud sea formulada por persona distinta del Titular y no se acredite que la misma act\u00faa en representaci\u00f3n de aqu\u00e9l, se tendr\u00e1 por no presentada. La consulta ser\u00e1 atendida en un t\u00e9rmino m\u00e1ximo de diez (10) d\u00edas h\u00e1biles contados a partir de la fecha de recibo. Cuando no fuere posible atender la consulta dentro de dicho t\u00e9rmino, se informar\u00e1 al interesado, expresando los motivos de la demora y se\u00f1alando la fecha en que se atender\u00e1 su consulta, la cual en ning\u00fan caso podr\u00e1 superar los cinco (5) d\u00edas h\u00e1biles siguientes al vencimiento del primer t\u00e9rmino.\u00a0<\/p><ul><li><strong>Procedimiento para solicitar actualizaci\u00f3n, correcci\u00f3n, supresi\u00f3n, revocatoria de la autorizaci\u00f3n o para presentar reclamos<\/strong><\/li><\/ul><p>El Titular, o sus causahabientes, que consideren que la informaci\u00f3n contenida en las base de datos de GUERREROMARTINEZ.COM.CO . Debe ser objeto de correcci\u00f3n, actualizaci\u00f3n o supresi\u00f3n, o cuando adviertan el presunto incumplimiento de cualquiera de los deberes contenidos en esta ley, podr\u00e1n presentar un reclamo ante GUERREROMARTINEZ.COM.CO . El cual ser\u00e1 tramitado bajo las siguientes reglas, de conformidad con el art\u00edculo 15 de la ley 1581 de 2012:\u00a0<\/p><ul><li>El reclamo se formular\u00e1 mediante solicitud radicada ante el \u00c1rea Administrativa de GUERREROMARTINEZ.COM.CO<\/li><li>Para evitar que terceros no autorizados accedan a la informaci\u00f3n personal del Titular de los datos, ser\u00e1 necesario previamente establecer la identificaci\u00f3n del Titular. Cuando la solicitud sea formulada por persona distinta del Titular y no se acredite que la misma act\u00faa en representaci\u00f3n de aqu\u00e9l, se tendr\u00e1 por no presentada.<\/li><li>La solicitud debe contener la siguiente informaci\u00f3n: (i) La identificaci\u00f3n del Titular. (ii) Los datos de contacto (direcci\u00f3n f\u00edsica y\/o electr\u00f3nica y tel\u00e9fonos de contacto). (iii) Los documentos que acrediten la identidad del Titular, o la representaci\u00f3n de su representante. (iv) La descripci\u00f3n clara y precisa de los datos personales respecto de los cuales el Titular busca ejercer alguno de los derechos. (v) La descripci\u00f3n de los hechos que dan lugar al reclamo. (vi) Los documentos que se quiera hacer valer. (vii) Firma, n\u00famero de identificaci\u00f3n y huella. (viii) Radicaci\u00f3n en original.<\/li><li>Si el reclamo resulta incompleto, GUERREROMARTINEZ.COM.CO . Requerir\u00e1 al interesado dentro de los cinco (5) d\u00edas siguientes a la recepci\u00f3n del reclamo para que subsane las fallas. Transcurridos dos (2) meses desde la fecha del requerimiento, sin que el solicitante presente la informaci\u00f3n requerida, se entender\u00e1 que ha desistido del reclamo.<\/li><li>Si el \u00c1rea que recibe el reclamo no es competente para resolverlo, dar\u00e1 traslado a quien corresponda en un t\u00e9rmino m\u00e1ximo de dos (2) d\u00edas h\u00e1biles e informar\u00e1 de la situaci\u00f3n al interesado.<\/li><li>Una vez recibido el reclamo completo, se incluir\u00e1 en la base de datos una leyenda que diga \u201creclamo en tr\u00e1mite\u201d y el motivo del mismo, en un t\u00e9rmino no mayor a dos (2) d\u00edas h\u00e1biles. Dicha leyenda deber\u00e1 mantenerse hasta que el reclamo sea decidido.<\/li><li>El t\u00e9rmino m\u00e1ximo para atender el reclamo ser\u00e1 de quince (15) d\u00edas h\u00e1biles contados a partir del d\u00eda siguiente a la fecha de su recibo. Cuando no fuere posible atender el reclamo dentro de dicho t\u00e9rmino, se informar\u00e1 al interesado los motivos de la demora y la fecha en que se atender\u00e1 su reclamo, la cual en ning\u00fan caso podr\u00e1 superar los ocho (8) d\u00edas h\u00e1biles siguientes al vencimiento del primer t\u00e9rmino.<\/li><\/ul><p><strong>6.3 Supresi\u00f3n de Datos<\/strong>\u00a0<\/p><p>El Titular tiene el derecho, en todo momento, a solicitar a GUERREROMARTINEZ.COM.CO . la supresi\u00f3n (eliminaci\u00f3n) de sus datos personales cuando:\u00a0<\/p><ul><li>Considere que los mismos no est\u00e1n siendo tratados conforme a los principios, deberes y obligaciones previstas en la Ley 1581 de 2012.<\/li><li>Hayan dejado de ser necesarios o pertinentes para la finalidad para la cual fueron recolectados.<\/li><li>Se haya superado el periodo necesario para el cumplimiento de los fines para los que fueron recolectados.<\/li><li>Esta supresi\u00f3n implica la eliminaci\u00f3n total o parcial de la informaci\u00f3n personal de acuerdo con lo solicitado por el Titular en los registros, archivos, bases de datos o tratamientos realizados por GUERREROMARTINEZ.COM.CO .<\/li><li>Es importante tener en cuenta que el derecho de cancelaci\u00f3n no es absoluto y el responsable puede negar el ejercicio del mismo cuando: (i) La solicitud de supresi\u00f3n de la informaci\u00f3n no proceder\u00e1 cuando el Titular tenga un deber legal o contractual de permanecer en la base de datos. (ii) La eliminaci\u00f3n de datos obstaculice actuaciones judiciales o administrativas vinculadas a obligaciones fiscales, la investigaci\u00f3n y persecuci\u00f3n de delitos o la actualizaci\u00f3n de sanciones administrativas. (iii) Los datos sean necesarios para proteger los intereses jur\u00eddicamente tutelados del Titular, para realizar una acci\u00f3n en funci\u00f3n del inter\u00e9s p\u00fablico, o para cumplir con una obligaci\u00f3n legalmente adquirida por el Titular.<\/li><\/ul><p><strong>6.4 Revocatoria de la Autorizaci\u00f3n<\/strong>. El Titular de los datos personales puede revocar el consentimiento al Tratamiento de sus datos personales en cualquier momento, siempre y cuando no lo impida una disposici\u00f3n legal.\u00a0<\/p><ol start=\"7\"><li><strong>SEGURIDAD DE LA INFORMACI\u00d3N<\/strong>.<\/li><\/ol><p>En desarrollo del principio de seguridad, GUERREROMARTINEZ.COM.CO . Ha adoptado medidas t\u00e9cnicas, administrativas y humanas razonables para proteger la informaci\u00f3n de los Titulares e impedir adulteraci\u00f3n, p\u00e9rdida, consulta, uso o acceso no autorizado o fraudulento. El acceso a los datos personales est\u00e1 restringido a sus Titulares y GUERREROMARTINEZ.COM.CO . No permitir\u00e1 el acceso a esta informaci\u00f3n por parte de terceros en condiciones diferentes a las anunciadas, a excepci\u00f3n de un pedido expreso del Titular de los datos o personas legitimadas de conformidad con la normatividad nacional. No obstante lo anterior, GUERREROMARTINEZ.COM.CO . No ser\u00e1 responsable por cualquier acci\u00f3n tendiente a infringir las medidas de seguridad establecidas para la protecci\u00f3n de los Datos Personales.\u00a0<\/p><ol start=\"8\"><li><strong>VIGENCIA DE LA POL\u00cdTICA. <\/strong><\/li><\/ol><p>La presente pol\u00edtica rige a partir de la fecha de su publicaci\u00f3n y deja sin efectos las dem\u00e1s disposiciones institucionales que le sean contrarias. Lo no previsto en la presente pol\u00edtica se reglamentar\u00e1 de acuerdo al R\u00e9gimen General de Protecci\u00f3n de Datos Personales vigente en Colombia<\/p>\t\t\t\t\t\t\t\t<\/div>\n\t\t\t\t<\/div>\n\t\t\t\t\t<\/div>\n\t\t<\/div>\n\t\t\t\t\t<\/div>\n\t\t<\/section>\n\t\t\t\t<\/div>\n\t\t","protected":false},"excerpt":{"rendered":"<p>Qui\u00e9nes somos Nuestra direcci\u00f3n de sitio web es http\/\/guerreromartinez.com.co. Comentarios Cuando los visitantes dejan comentarios en el sitio, recopilamos los&#8230;<\/p>\n","protected":false},"author":1,"featured_media":9849,"parent":0,"menu_order":0,"comment_status":"closed","ping_status":"open","template":"","meta":{"footnotes":""},"class_list":["post-3","page","type-page","status-publish","has-post-thumbnail","hentry"],"_links":{"self":[{"href":"https:\/\/guerreromartinez.com.co\/index.php?rest_route=\/wp\/v2\/pages\/3","targetHints":{"allow":["GET"]}}],"collection":[{"href":"https:\/\/guerreromartinez.com.co\/index.php?rest_route=\/wp\/v2\/pages"}],"about":[{"href":"https:\/\/guerreromartinez.com.co\/index.php?rest_route=\/wp\/v2\/types\/page"}],"author":[{"embeddable":true,"href":"https:\/\/guerreromartinez.com.co\/index.php?rest_route=\/wp\/v2\/users\/1"}],"replies":[{"embeddable":true,"href":"https:\/\/guerreromartinez.com.co\/index.php?rest_route=%2Fwp%2Fv2%2Fcomments&post=3"}],"version-history":[{"count":12,"href":"https:\/\/guerreromartinez.com.co\/index.php?rest_route=\/wp\/v2\/pages\/3\/revisions"}],"predecessor-version":[{"id":15593,"href":"https:\/\/guerreromartinez.com.co\/index.php?rest_route=\/wp\/v2\/pages\/3\/revisions\/15593"}],"wp:featuredmedia":[{"embeddable":true,"href":"https:\/\/guerreromartinez.com.co\/index.php?rest_route=\/wp\/v2\/media\/9849"}],"wp:attachment":[{"href":"https:\/\/guerreromartinez.com.co\/index.php?rest_route=%2Fwp%2Fv2%2Fmedia&parent=3"}],"curies":[{"name":"wp","href":"https:\/\/api.w.org\/{rel}","templated":true}]}}